. Calculate the greatest common factor of 2 and o.
2
Let o be ((-3320)/(-25))/4 - (-5)/(-25). Let g = -13 - -24. Calculate the greatest common divisor of g and o.
11
Suppose 24 = 840*l - 839*l. Calculate the highest common divisor of l and 8.
8
Let p = 235 - 227. What is the highest common factor of p and 136?
8
Let z = 971 - 441. What is the highest common divisor of z and 50?
10
Let m be (74 - 8/4)*1. Suppose -4*k + 3*c + 68 = 0, k + 2*c + m = 5*k. Calculate the greatest common factor of 40 and k.
20
Let t be 325/35 + 2/(-7). Suppose -21 - t = 5*p. Let c be 4*3/p - -11. Calculate the greatest common divisor of c and 81.
9
Suppose 3*h + 60 = 7*h. Let v be (6/(-4))/(h/940). Let k = -62 - v. Calculate the highest common factor of k and 8.
8
Let n = -3 - 9. Let f = n + 42. Suppose -6*p = -p - f. What is the greatest common factor of 60 and p?
6
Let x(b) = 14*b + 88. Let p be x(-5). Calculate the greatest common divisor of p and 72.
18
Suppose 5*u - 312 = -87. Suppose 31*r = -4*n + 35*r + 32, -5*n + 2*r + 43 = 0. Calculate the highest common factor of n and u.
9
Let d = 368 + -204. Let s = -44 - -85. What is the highest common factor of s and d?
41
Let d(p) = 2*p + 8. Let j be d(-6). Let s be (-150)/20*j/3. Suppose -7*v + 14 + 21 = 0. Calculate the highest common divisor of s and v.
5
Let v(o) = -o**2 + 5*o + 2. Let f be v(6). Let u = 86 - f. Suppose 2*r = 4*k + k + 51, -5*k = -5*r + u. Calculate the greatest common divisor of 65 and r.
13
Suppose -5*d - k + 33 = 0, -5*d = 4*k - 5*k - 37. Calculate the highest common factor of d and 203.
7
Suppose -2*i = -3*r - 591, -288 = -i - 2*r + 6*r. Calculate the greatest common divisor of i and 40.
20
Let a(i) = 135*i + 21. Let h(c) = 27*c + 4. Let w(m) = 2*a(m) - 11*h(m). Let z be w(-1). Calculate the greatest common divisor of 5 and z.
5
Suppose -289 - 407 = 3*o. Let q = o - -485. Calculate the greatest common factor of q and 23.
23
Let p(k) = -k - 1. Let g be p(-6). Suppose g*o + d = 163, 3*o + 0*o = 2*d + 90. Let h = 3441 - 3433. Calculate the greatest common divisor of h and o.
8
Let b(p) = 2*p + 16. Suppose -37 - 2 = -3*u. Let j be b(u). What is the highest common divisor of j and 105?
21
Let f(k) = -k + 12. Let y be f(0). Let r = 15 - y. Suppose r*m = 6*m - 351. Calculate the highest common factor of m and 13.
13
Let k = -26 + 33. Suppose -k*d + 129 = -165. What is the greatest common factor of d and 6?
6
Suppose 3*h - 2360 = 4252. Let o = 45 - 35. Let t be (-12)/30 + h/o. What is the greatest common divisor of t and 20?
20
Suppose 68 - 2 = 3*m. Suppose 3*v = -3*v + 12. Calculate the greatest common divisor of m and v.
2
Suppose -64*o = -60*o - 5*f - 9140, -5*o - 3*f + 11462 = 0. What is the highest common factor of o and 10?
10
Suppose -2579 + 12199 = 26*i. What is the highest common divisor of 111 and i?
37
Let g = 465 + -405. What is the highest common divisor of g and 135?
15
Let u(b) = 5*b**2 + 295*b + 26. Let t be u(-59). What is the highest common divisor of t and 559?
13
Let y = 67 + -15. Let b = 178 + -152. Calculate the highest common divisor of b and y.
26
Let f = 6 + -48. Let o be (-7 - -5)/(2/f). Suppose 0 = -u + 1, 5*u - 34 = -5*c + u. What is the greatest common factor of c and o?
6
Let b = -396 - -1028. What is the greatest common factor of 16 and b?
8
Suppose -2*p - 2*u + 42 = 0, 2*p - 4*u - 47 = -u. Let i be 32 - (-8)/(-12)*6. Let j = i + -26. What is the highest common factor of p and j?
2
Let h(a) = 145*a**2 - a. Let v be h(-1). What is the highest common factor of 365 and v?
73
Suppose 6*v = 210 - 162. What is the highest common divisor of v and 32?
8
Let z(v) = v**2 - 12*v + 11. Let w be z(7). Let u be (w/20)/(2/5). Let d be -1 - ((4 - 10) + u). Calculate the highest common factor of d and 32.
8
Let h be -3 + 0 + 63 + 3. Let x = -17 - -9. Let j = x + 15. What is the highest common factor of h and j?
7
Let a(v) = -v**2 + 9*v + 12. Let i be a(8). Let s be 34 + -32 - (0 - (137 - -1)). Calculate the highest common divisor of i and s.
20
Suppose 0 = -15*z + 163 + 77. What is the greatest common factor of 36 and z?
4
Suppose -25*a = c - 20*a - 690, -c + 662 = -2*a. Calculate the greatest common divisor of c and 2.
2
Let j = -4 + 39. Suppose 4*q - j = -q. Suppose 0*p = -4*r - p + 143, 3*r = p + 102. Calculate the highest common divisor of q and r.
7
Let c(v) = -v. Let q(z) = 4*z - 2. Let p(x) = -c(x) + q(x). Let l be p(1). What is the highest common divisor of 15 and l?
3
Let s(k) = 143*k - 368. Let w be s(3). Calculate the greatest common factor of w and 244.
61
Suppose 0*d + 3*d + 63 = 4*k, -5*d = 5. Let x = k + -9. Let t = x - -30. What is the greatest common divisor of t and 4?
4
Suppose 48*h - 46*h = 312. Let n be (-2)/2*1 - -4. Suppose f - 3*f - 100 = -n*a, 4*a + 3*f - h = 0. What is the highest common factor of 324 and a?
36
Let d be (-1206)/(-16) + 1/(56/(-21)). What is the greatest common divisor of 275 and d?
25
Let j(z) = -12*z - 147. Let l be j(-20). Calculate the highest common factor of l and 62.
31
Let h be (5/(-2))/((-2)/4). Suppose -h*x + 140 = -25. Suppose 172 = l - 5*f - x, 211 = l - 3*f. What is the greatest common factor of l and 22?
22
Let h be (-4)/16 - 27/(-12). Let t be (158/(-4))/(-1)*h. Suppose 0 = -4*o + t + 5. What is the greatest common divisor of 21 and o?
21
Suppose -5*k = s - 1097, -11*s - 211 = -k - 14*s. Calculate the greatest common divisor of 88 and k.
44
Let b be 21 + 31/(279/(-54)). Suppose 0 = -3*a + 15 - 6. Let f be 0 - (a/(-3) + -119). Calculate the highest common divisor of b and f.
15
Suppose -14*h + 24*h - 70 = 0. Calculate the highest common divisor of 189 and h.
7
Suppose 0 = 11*j - 1197 - 211. Calculate the greatest common factor of 224 and j.
32
Suppose -4*r - r + 60 = 0. Let v = 420 + -360. What is the highest common divisor of r and v?
12
Let m = 230 + -199. Calculate the greatest common factor of 310 and m.
31
Suppose -d + 35 = -0*d. Let f = d - 1. Let v = 49 - f. Calculate the highest common divisor of v and 165.
15
Suppose 3*x = 0, -v = -3*v + x - 458. Let l = -109 - v. What is the highest common factor of 24 and l?
24
Let r be 55 + 6 + -1 + -5. Suppose 3*b - 8 - r = 0. What is the greatest common divisor of b and 9?
3
Suppose -2*a = a + 3*c - 123, -121 = -3*a - 5*c. What is the highest common divisor of 350 and a?
14
Suppose -n = o - 407, -o + 3*o = -4*n + 1626. Calculate the greatest common divisor of 58 and n.
58
Suppose -l - 164 = -5*l. Suppose 5*g = -0*x - 4*x + l, -5*x + 35 = 3*g. What is the highest common factor of 40 and g?
5
Suppose 1533*z - 575 = 1528*z. What is the highest common factor of 46 and z?
23
Let r be (10/(-20))/(2/(-16)). Suppose 3*c + 8 = 4*c. Calculate the greatest common factor of c and r.
4
Let s(l) = 57*l + 1544. Let x be s(-27). Let v be 0 + 1 + 54 + -1. Let o be (v + (-1 - -2))/1. Calculate the highest common factor of x and o.
5
Let o(h) be the first derivative of -h**4/4 - h**3 + 3*h**2/2 + 7*h - 1. Let b be o(-5). What is the highest common divisor of b and 14?
14
Let a(q) = 2*q**2 - 36*q - 111. Let s be a(21). What is the highest common divisor of s and 42?
3
Suppose -2*v = 4*j - 80, -301 = -5*v - 4*j - 89. Suppose -3*w + 308 = v. What is the greatest common divisor of 8 and w?
8
Suppose -5*h = -92 + 2. What is the highest common divisor of h and 225?
9
Let x = -29 - -29. Let t be 14 + -9 - (-4 - x). Suppose -3*j = -0*j - 216. What is the greatest common factor of j and t?
9
Suppose -1227 - 1473 = -60*x. Let b = -23 + 32. Let p = b - -9. What is the greatest common divisor of x and p?
9
Let k(m) = -7*m**2 + 26. Let z be k(0). Suppose -4*r = 0, -3*n + 117 = -5*r + 4*r. Calculate the highest common factor of z and n.
13
Suppose -2*n = p - 0*p, 6 = 3*n. Let z be (p/(-8))/((-2)/(-44)). Calculate the highest common factor of 55 and z.
11
Let p = 434 - 420. What is the greatest common factor of 24 and p?
2
Let c(t) = t**2 + 2*t + 2. Let d be c(-2). Suppose -d*z + 1197 = -149. Let a = -376 + z. What is the greatest common divisor of 27 and a?
27
Suppose h + 2*h = j + 580, -175 = -h + 4*j. Suppose -h = -3*y - 0*y. Suppose -4*z - z = -y. What is the highest common factor of 143 and z?
13
Let b be ((-3)/(-9))/(4/(-36)). Let p = b - -12. Let t(o) = o**3 - 8*o**2 - 9*o + 9. Let s be t(p). What is the high